are the prime factors of 4260?
2, 3, 5, 71
What are the prime factors of 525?
3, 5, 7
List the prime factors of 477.
3, 53
What are the prime factors of 1645?
5, 7, 47
List the prime factors of 6087.
3, 2029
What are the prime factors of 1572?
2, 3, 131
List the prime factors of 1096.
2, 137
List the prime factors of 43139.
179, 241
List the prime factors of 12273.
3, 4091
What are the prime factors of 3266?
2, 23, 71
List the prime factors of 23238.
2, 3, 1291
List the prime factors of 23108.
2, 53, 109
List the prime factors of 23530.
2, 5, 13, 181
What are the prime factors of 111?
3, 37
What are the prime factors of 18048?
2, 3, 47
What are the prime factors of 2562?
2, 3, 7, 61
List the prime factors of 804.
2, 3, 67
What are the prime factors of 53?
53
What are the prime factors of 20598?
2, 3, 3433
What are the prime factors of 45397?
11, 4127
List the prime factors of 605.
5, 11
What are the prime factors of 45580?
2, 5, 43, 53
What are the prime factors of 1087?
1087
What are the prime factors of 3026?
2, 17, 89
List the prime factors of 479.
479
What are the prime factors of 2477?
2477
List the prime factors of 37781.
37781
What are the prime factors of 198655?
5, 67, 593
List the prime factors of 3131.
31, 101
What are the prime factors of 3726?
2, 3, 23
List the prime factors of 31505.
5, 6301
List the prime factors of 86195.
5, 17239
List the prime factors of 110894.
2, 7, 89
List the prime factors of 1404.
2, 3, 13
What are the prime factors of 57?
3, 19
What are the prime factors of 8915?
5, 1783
What are the prime factors of 4344?
2, 3, 181
What are the prime factors of 18733?
11, 13, 131
List the prime factors of 4174.
2, 2087
List the prime factors of 2566.
2, 1283
What are the prime factors of 51115?
5, 10223
List the prime factors of 471.
3, 157
What are the prime factors of 1743?
3, 7, 83
List the prime factors of 37080.
2, 3, 5, 103
List the prime factors of 4260.
2, 3, 5, 71
What are the prime factors of 2454?
2, 3, 409
What are the prime factors of 2127?
3, 709
List the prime factors of 506.
2, 11, 23
List the prime factors of 6785.
5, 23, 59
List the prime factors of 30.
2, 3, 5
List the prime factors of 38586.
2, 3, 59, 109
List the prime factors of 611.
13, 47
What are the prime factors of 60624?
2, 3, 421
List the prime factors of 9394.
2, 7, 11, 61
List the prime factors of 12317.
109, 113
List the prime factors of 142180.
2, 5, 7109
List the prime factors of 1569.
3, 523
List the prime factors of 1728.
2, 3
What are the prime factors of 15366?
2, 3, 13, 197
List the prime factors of 310.
2, 5, 31
What are the prime factors of 98823?
3, 32941
List the prime factors of 72543.
3, 24181
What are the prime factors of 3313?
3313
List the prime factors of 2081.
2081
List the prime factors of 81.
3
List the prime factors of 56777.
7, 8111
What are the prime factors of 25421?
11, 2311
List the prime factors of 3948.
2, 3, 7, 47
List the prime factors of 7063.
7, 1009
What are the prime factors of 5784?
2, 3, 241
List the prime factors of 495.
3, 5, 11
List the prime factors of 43320.
2, 3, 5, 19
List the prime factors of 16555.
5, 7, 11, 43
What are the prime factors of 1561?
7, 223
List the prime factors of 2814.
2, 3, 7, 67
List the prime factors of 42979.
42979
List the prime factors of 1073.
29, 37
List the prime factors of 1227.
3, 409
List the prime factors of 31965.
3, 5, 2131
What are the prime factors of 21967?
11, 1997
What are the prime factors of 6312?
2, 3, 263
List the prime factors of 3127.
53, 59
List the prime factors of 7966.
2, 7, 569
What are the prime factors of 13302?
2, 3, 739
List the prime factors of 86.
2, 43
List the prime factors of 9662.
2, 4831
What are the prime factors of 2167?
11, 197
List the prime factors of 161.
7, 23
What are the prime factors of 5096?
2, 7, 13
What are the prime factors of 890?
2, 5, 89
List the prime factors of 7812.
2, 3, 7, 31
What are the prime factors of 1146?
2, 3, 191
What are the prime factors of 3193?
31, 103
List the prime factors of 4887.
3, 181
List the prime factors of 6593.
19, 347
List the prime factors of 49016.
2, 11, 557
What are the prime factors of 10096?
2, 631
List the prime factors of 67.
67
What are the prime factors of 3496?
2, 19, 23
List the prime factors of 18664.
2, 2333
List the prime factors of 8691.
3, 2897
What are the prime factors of 326?
2, 163
What are the prime factors of 70395?
3, 5, 13, 19
List the prime factors of 5227.
5227
List the prime factors of 28943.
103, 281
List the prime factors of 488.
2, 61
List the prime factors of 28919.
11, 239
What are the prime factors of 65622?
2, 3, 10937
List the prime factors of 10764.
2, 3, 13, 23
List the prime factors of 52449.
3, 17483
List the prime factors of 15752.
2, 11, 179
List the prime factors of 20590.
2, 5, 29, 71
List the prime factors of 177236.
2, 59, 751
List the prime factors of 79288.
2, 11, 17, 53
What are the prime factors of 1247?
29, 43
List the prime factors of 339.
3, 113
List the prime factors of 1819.
17, 107
What are the prime factors of 205?
5, 41
What are the prime factors of 184568?
2, 23071
What are the prime factors of 1064?
2, 7, 19
List the prime factors of 3523.
13, 271
List the prime factors of 2207.
2207
What are the prime factors of 565?
5, 113
List the prime factors of 101.
101
List the prime factors of 966.
2, 3, 7, 23
List the prime factors of 922.
2, 461
List the prime factors of 1450.
2, 5, 29
What are the prime factors of 1927?
41, 47
List the prime factors of 841.
29
What are the prime factors of 5541?
3, 1847
List the prime factors of 167.
167
What are the prime factors of 26328?
2, 3, 1097
List the prime factors of 6288.
2, 3, 131
What are the prime factors of 1397?
11, 127
What are the prime factors of 1710?
2, 3, 5, 19
List the prime factors of 6805.
5, 1361
What are the prime factors of 2346?
2, 3, 17, 23
List the prime factors of 23596.
2, 17, 347
What are the prime factors of 37389?
3, 11, 103
What are the prime factors of 103386?
2, 3, 17231
List the prime factors of 51694.
2, 25847
What are the prime factors of 38764?
2, 11, 881
List the prime factors of 99096.
2, 3, 4129
List the prime factors of 30797.
13, 23, 103
What are the prime factors of 147597?
3, 49199
List the prime factors of 1579.
1579
What are the prime factors of 1891?
31, 61
List the prime factors of 10904.
2, 29, 47
What are the prime factors of 8170?
2, 5, 19, 43
What are the prime factors of 993?
3, 331
What are the prime factors of 26902?
2, 13451
List the prime factors of 9962.
2, 17, 293
What are the prime factors of 1104?
2, 3, 23
What are the prime factors of 7227?
3, 11, 73
List the prime factors of 649.
11, 59
What are the prime factors of 1213?
1213
What are the prime factors of 897?
3, 13, 23
What are the prime factors of 146577?
3, 48859
What are the prime factors of 480?
2, 3, 5
What are the prime factors of 44318?
2, 22159
List the prime factors of 1671.
3, 557
What are the prime factors of 2640?
2, 3, 5, 11
What are the prime factors of 14473?
41, 353
What are the prime factors of 63992?
2, 19, 421
List the prime factors of 5156.
2, 1289
What are the prime factors of 25813?
83, 311
List the prime factors of 4921.
7, 19, 37
What are the prime factors of 60870?
2, 3, 5, 2029
What are the prime factors of 58060?
2, 5, 2903
What are the prime factors of 33679?
33679
What are the prime factors of 11205?
3, 5, 83
What are the prime factors of 3125?
5
What are the prime factors of 31816?
2, 41, 97
What are the prime factors of 41338?
2, 11, 1879
List the prime factors of 35980.
2, 5, 7, 257
List the prime factors of 1152.
2, 3
What are the prime factors of 9965?
5, 1993
List the prime factors of 609.
3, 7, 29
List the prime factors of 11211.
3, 37, 101
What are the prime factors of 29302?
2, 7, 13, 23
What are the prime factors of 7802?
2, 47, 83
What are the prime factors of 1340?
2, 5, 67
List the prime factors of 74454.
2, 3, 12409
List the prime factors of 268.
2, 67
List the prime factors of 8760.
2, 3, 5, 73
List the prime factors of 1408.
2, 11
List the prime factors of 2745.
3, 5, 61
List the prime factors of 78.
2, 3, 13
What are the prime factors of 104996?
2, 26249
What are the prime factors of 159423?
3, 11, 4831
List the prime factors of 38909.